+ 936. What is the hundreds digit of j?
1
Let u be (6/8)/((-3)/(-20)). Suppose 7*z = 3*z + 2*j + 490, u*j = 15. What is the tens digit of z?
2
Suppose -175 = 2*x - 7*x. Suppose -9*k = 8 - x. What is the units digit of k?
3
Let v = -524 - -747. What is the units digit of v?
3
Let q be 2/(-6) + 64/12. Let w be q/(3*2/102). Suppose -w = -5*u + 65. What is the tens digit of u?
3
What is the tens digit of (1 - (-5 + 189/28))*-932?
9
Let g(h) = 3*h**2 - 26*h - 27. What is the hundreds digit of g(-11)?
6
Suppose 0 = c + 4*c - 15. Suppose -c*r = s - 25, -3*r + 2*s = -2*r - 20. Let d = r - 2. What is the units digit of d?
8
What is the hundreds digit of (1/(-3))/(-3 - 18384/(-6129))?
6
Let f = -81 - -783. What is the tens digit of f?
0
Let b be (2 + (-82)/(-3) - 2)*-3. Let q = -33 - b. What is the units digit of q?
9
Suppose -9060 = -520*v + 510*v. What is the tens digit of v?
0
Suppose -827 = 4*d - 2*f - 7613, 3*f = 4*d - 6785. What is the thousands digit of d?
1
Suppose 0 = 5*c + 2*b - 4345, -3*c - 7*b = -3*b - 2621. What is the units digit of c?
7
Suppose 0*v - 2*q = -v + 1614, -q = 3. What is the thousands digit of v?
1
Let v(j) = j - 12. Let z be v(14). Suppose -18 = r + 3*o, -z*o - 16 - 3 = 3*r. What is the tens digit of (2/(-4))/(r/72)?
1
Let h be -5 + 1 + -2 + 5. What is the tens digit of (-19)/(-2)*(7 + h)?
5
Let q = 654 - -7. What is the tens digit of q?
6
Let r(c) = 24*c - 4. What is the tens digit of r(17)?
0
Let f(j) = -122*j + 1. Let d be f(-2). Let o = d + -121. Suppose 2*p + o = 6*p. What is the units digit of p?
1
Let y be (352/(-33))/((2/3)/(-1)). Suppose b = -p + y, 8 = 3*b - b. What is the tens digit of p?
1
Suppose -4*a + 36 = 2*a. Suppose 2*l = a*l - 112. Suppose -l = -o + 5. What is the tens digit of o?
3
Let a(h) = -179*h + 1231. What is the hundreds digit of a(-23)?
3
Let i = 32 - 38. Let k = 1001 - 1805. What is the tens digit of i/21 - k/21?
3
Let q be (-3 - -2)*(-8 + 3). Suppose -5*u + 595 = 5*m, 5*m - 381 = 2*m + q*u. What is the hundreds digit of m?
1
Suppose 418 = -a + 2*a. Suppose 4*r + 2*b = 412, 4*r + 4*b + 6 = a. What is the units digit of r?
3
Let x = -1158 - -679. Let c = -197 - x. What is the tens digit of c?
8
Let f(q) = 2*q**2 + 6*q - 6. Let s = 9 + -15. What is the tens digit of f(s)?
3
Suppose 3 = -6*x + 1257. What is the tens digit of x?
0
Suppose s - 5*y - 12 = -4*y, 0 = -3*y - 9. Let c(x) = -4*x**2 - s*x**3 + 3*x**3 + 7*x**3 + 9 - 4*x. What is the units digit of c(5)?
4
Let k be 32/4*(1 + 0). Suppose 2*j + 360 = k*j. What is the units digit of j?
0
Let u be 204/54 - 2/(-9). Let x be 18/3*u/6. What is the units digit of x/18 - 536/(-18)?
0
Suppose c - 35 = -4*c. Let o(u) = -4*u + c*u + 2 + u**2 - 1. What is the units digit of o(-4)?
5
Suppose -2*h + 8 = 4*w, 5*w - 2*h - 10 = -0*w. What is the tens digit of (-306)/w*(-18)/27?
0
Let p(n) = 152*n**2 + 2. What is the tens digit of p(-2)?
1
Let w = 1289 + -657. What is the units digit of w?
2
Let y = 1 - 13. Let k = 9 + y. What is the units digit of k + (-2 - 120/(-4))?
5
Suppose -4*y = -10 + 34. What is the units digit of (-16)/(-3) + (-4)/y?
6
Let h(m) be the third derivative of -m**5/60 - 7*m**4/12 + m**3/3 - m**2. Let d be h(-14). What is the tens digit of (6 - -7)/(d/2)?
1
Let w be (1/2*0)/(36 - 39). What is the hundreds digit of w + (-6)/10 + 803/5?
1
Let n be -2*10/70 - (-58)/7. What is the tens digit of 13/((-455)/(-4508)) - n/10?
2
Let k(d) = -d - 5. Let c(l) = 1. Let g(t) = 4*c(t) - k(t). Let o be g(-9). Suppose -y = o, 0*y + 78 = 2*f + 3*y. What is the units digit of f?
9
What is the hundreds digit of (10/(-8))/(136/(-81056))?
7
Let n be (-16)/(-4) + (2 + 79)*-1. Let r = -60 - n. What is the units digit of r?
7
Suppose 135 + 65 = 8*x. Let a(s) = -s**3 - 7*s**2 - 5*s - 5. Let h be a(-7). Suppose h*i = x*i + 10. What is the units digit of i?
2
Let y(v) = -6*v + 166. What is the tens digit of y(-20)?
8
Let s(r) = -r**2 + 13*r - 10. Suppose -2*a + 1 = -3. Suppose -3*z + a*z = -9. What is the tens digit of s(z)?
2
Let b(t) = 19*t - 10. Suppose -20 = 2*l - 6*l. Suppose -l*p = -4*u - 27, -2*p - 2*p + 3 = 3*u. What is the units digit of b(p)?
7
Suppose 5*h - 4*n - 35 = 0, 5*n + 12 = -h + 2*n. Suppose 5*x - 111 = h*l, -l - 4*l + 32 = 2*x. What is the units digit of x?
1
Let j = -281 - -3. Let f be j/(-10) - (-1)/5. Let t = 47 - f. What is the tens digit of t?
1
Suppose -69*x + 309342 = 40*x. What is the tens digit of x?
3
Let z(v) = v + 5. Let q be z(-3). Suppose -q*d + 20 + 18 = 0. Suppose 10 = -5*w, 5*l + w - d = 3*w. What is the units digit of l?
3
Let n(q) = 2*q**2 - 11*q + 16. Let m be n(7). Suppose -a = -2*p + 72, 2*p - a = p + m. What is the units digit of p?
5
What is the tens digit of 6780/(-4)*5/(-15)?
6
Suppose -62676 = -105*r + 96399. What is the units digit of r?
5
Let z(l) = -19*l**2 - 5*l + 11. Let h(u) = 7*u**2 + 2*u - 4. Let w(a) = 11*h(a) + 4*z(a). Let j be 6/15 - (-64)/(-10). What is the units digit of w(j)?
4
Let s(n) = -60*n + 7. Let m(h) = -h + 1. Let v(f) = -5*m(f) + s(f). What is the units digit of v(-1)?
7
Let k(n) = 3*n + 28. Let y be k(19). Suppose 17*u - 12*u - y = 0. What is the tens digit of u?
1
Suppose -195 = -s + 4*s. Let o be (-1 - -2) + s + 1. What is the units digit of o/3*(1 - 2)?
1
What is the hundreds digit of 5 + 7 + 661 + 5?
6
What is the tens digit of 45/(-27) - 8382/(-18)?
6
Let v = 556 + -306. What is the tens digit of v?
5
Suppose -11*q + 4*x - 752 = -13*q, 3*q = 4*x + 1178. What is the tens digit of q?
8
Suppose 3*x = 18 + 3. Let l = -115 + 123. Suppose -x*j + l*j - 16 = 0. What is the tens digit of j?
1
Suppose 10558 - 2758 = 13*f. What is the hundreds digit of f?
6
Suppose 2*n + 0*n = 8. Suppose n*a + p = 19, 5*p = -a + 8 + 11. Suppose -a*o = -z - 3*o + 12, -z + 7 = -2*o. What is the units digit of z?
7
Suppose 262 - 59 = 7*v. Let a = v - 27. Suppose -5*o = a*w - 6*w + 224, 3*w - o = 179. What is the units digit of w?
1
Let z = 3174 - 922. What is the thousands digit of z?
2
Let r(h) = 8*h + 12. Let v be r(6). Let q be 0 + 0 + v + 2. Suppose -2*w + q = 2*g, -4*w - 191 = -9*w + 4*g. What is the tens digit of w?
3
Suppose -11*u + 8868 = -1252. What is the hundreds digit of u?
9
Let u(n) = -3*n - 5. Let y be u(-3). Suppose 0 = r, -5*k + y*r = -4*k - 45. Suppose -2*p + 76 = 3*l, p + 3*l + 1 - k = 0. What is the units digit of p?
2
Suppose 3 = 3*x + 18, 142 = 2*n - 4*x. What is the units digit of n?
1
Let p(k) = k**3 - 10*k**2 + 10*k + 6. Let f be p(5). Let b = 110 + f. What is the units digit of b?
1
Suppose -5*r - 25 = 4*v - 0*v, 3*v = -3*r - 15. Suppose 27 = u - v. Let j = u - 7. What is the units digit of j?
0
Let x = 11 + -19. Let p = x + 11. Suppose 3*m + h + p*h - 52 = 0, m + 3*h - 9 = 0. What is the tens digit of m?
2
Let r = 294 - 76. Let t = r - 125. What is the tens digit of t?
9
Suppose 33 = 3*u - x, u + 4*x = -4 + 2. Let k = u + -6. Let q = 14 + k. What is the tens digit of q?
1
Suppose 66434 = 57*n - 26134. What is the hundreds digit of n?
6
Suppose -58 = -2*f - 22. Suppose -l - 48 = -4*u, -2*u + 2*l + f = -0*l. Suppose -u*i - 156 = -16*i. What is the tens digit of i?
5
What is the units digit of (1 - 2)/((-1)/88) + 3?
1
What is the units digit of 992 + (-6 - 5/1)?
1
Suppose -2*d + 6272 = 3*y, 4*d - 5*y = 6521 + 6001. What is the hundreds digit of d?
1
Let p(s) = s**3 + s**2 - 2*s + 422. Let k be p(0). Suppose -4*x + k = -78. Suppose 0 = 4*q - x - 155. What is the units digit of q?
0
Suppose 5*c - 1580 = 1270. What is the hundreds digit of c?
5
Suppose -4*q + 2*b + 5504 = 4*b, 5*b - 4121 = -3*q. What is the units digit of q?
7
Let u = -720 + 1636. What is the tens digit of u?
1
Suppose h + 9*u - 15 = 4*u, -5*u - 35 = -4*h. Let z be 13/2 + 5/h. Suppose 14 = z*n - 6*n. What is the units digit of n?
4
Suppose 9*i - 4*i + 2*z = 7488, 4*z + 7494 = 5*i. What is the thousands digit of i?
1
What is the tens digit of (56 - 1)/(-1)*(-15 + 14)?
5
Suppose 20 = -4*v - 0*g + 5*g, -g = 3*v + 15. Let q = 2 + v. Let y = q + 11. What is the units digit of y?
8
Let d(w) = -60*w - 199. What is the units digit of d(-4)?
1
Let i(a) = 2*a**3 - 3*a**2 + 4*a + 4. Let t be i(4). Let z = 200 - t. Suppose j = -5*q - 9, 0*j + z = 5*j - 4*q. What is the units digit of j?
6
Suppose -7*t = -12*t - 35. What is the units digit of (-3)